{"id":439,"date":"2021-05-11T09:26:52","date_gmt":"2021-05-11T07:26:52","guid":{"rendered":"http:\/\/nordicvalheim.mooo.com\/?page_id=439"},"modified":"2021-06-14T15:04:21","modified_gmt":"2021-06-14T13:04:21","slug":"polera-lyktor","status":"publish","type":"page","link":"https:\/\/sattrabiloplat.se\/?page_id=439","title":{"rendered":"Polera lyktor"},"content":{"rendered":"\n\n<p>F\u00e5tt 2a f\u00f6r diffus ljusbild p\u00e5 besiktningen? <br>L\u00e5t oss polera dina str\u00e5lkastare ist\u00e4llet f\u00f6r att k\u00f6pa nya. <br>Pris: fr\u00e5n 1200kr<\/p>\n<figure class=\"gallery-item\">\n\t\t\t\t<a data-elementor-open-lightbox=\"yes\" data-elementor-lightbox-slideshow=\"d788267\" data-elementor-lightbox-title=\"20210430_094742\" href=\"http:\/\/sattrabiloplat.se\/wp-content\/uploads\/2021\/05\/20210430_094742-scaled-1.jpg\"><img decoding=\"async\" width=\"300\" height=\"225\" src=\"http:\/\/sattrabiloplat.se\/wp-content\/uploads\/2021\/05\/20210430_094742-scaled-1-300x225.jpg\" alt=\"\" loading=\"lazy\" aria-describedby=\"gallery-1-443\" srcset=\"http:\/\/sattrabiloplat.se\/wp-content\/uploads\/2021\/05\/20210430_094742-scaled-1-300x225.jpg 300w, http:\/\/sattrabiloplat.se\/wp-content\/uploads\/2021\/05\/20210430_094742-scaled-1-1024x768.jpg 1024w, http:\/\/sattrabiloplat.se\/wp-content\/uploads\/2021\/05\/20210430_094742-scaled-1-768x576.jpg 768w, http:\/\/sattrabiloplat.se\/wp-content\/uploads\/2021\/05\/20210430_094742-scaled-1-1536x1152.jpg 1536w, http:\/\/sattrabiloplat.se\/wp-content\/uploads\/2021\/05\/20210430_094742-scaled-1-2048x1536.jpg 2048w, http:\/\/sattrabiloplat.se\/wp-content\/uploads\/2021\/05\/20210430_094742-scaled-1-1568x1176.jpg 1568w\" sizes=\"auto, (max-width: 300px) 100vw, 300px\"><\/a><figcaption class=\"wp-caption-text gallery-caption\" id=\"gallery-1-443\">\n\t\t\t\tH\u00f6ger F\u00f6re<br>\n\t\t\t\t<\/figcaption><\/figure>\n<figure class=\"gallery-item\">\n\t\t\t\t<a data-elementor-open-lightbox=\"yes\" data-elementor-lightbox-slideshow=\"d788267\" data-elementor-lightbox-title=\"20210430_100522\" href=\"http:\/\/sattrabiloplat.se\/wp-content\/uploads\/2021\/05\/20210430_100522-scaled-1.jpg\"><img decoding=\"async\" width=\"300\" height=\"225\" src=\"http:\/\/sattrabiloplat.se\/wp-content\/uploads\/2021\/05\/20210430_100522-scaled-1-300x225.jpg\" alt=\"\" loading=\"lazy\" aria-describedby=\"gallery-1-441\" srcset=\"http:\/\/sattrabiloplat.se\/wp-content\/uploads\/2021\/05\/20210430_100522-scaled-1-300x225.jpg 300w, http:\/\/sattrabiloplat.se\/wp-content\/uploads\/2021\/05\/20210430_100522-scaled-1-1024x768.jpg 1024w, http:\/\/sattrabiloplat.se\/wp-content\/uploads\/2021\/05\/20210430_100522-scaled-1-768x576.jpg 768w, http:\/\/sattrabiloplat.se\/wp-content\/uploads\/2021\/05\/20210430_100522-scaled-1-1536x1152.jpg 1536w, http:\/\/sattrabiloplat.se\/wp-content\/uploads\/2021\/05\/20210430_100522-scaled-1-2048x1536.jpg 2048w, http:\/\/sattrabiloplat.se\/wp-content\/uploads\/2021\/05\/20210430_100522-scaled-1-1568x1176.jpg 1568w\" sizes=\"auto, (max-width: 300px) 100vw, 300px\"><\/a><p><\/p>\n<figcaption class=\"wp-caption-text gallery-caption\" id=\"gallery-1-441\">\n\t\t\t\tH\u00f6ger Efter<br>\n\t\t\t\t<\/figcaption>\n<\/figure>\n<figure class=\"gallery-item\">\n\t\t\t\t<a data-elementor-open-lightbox=\"yes\" data-elementor-lightbox-slideshow=\"d788267\" data-elementor-lightbox-title=\"20210430_094728\" href=\"http:\/\/sattrabiloplat.se\/wp-content\/uploads\/2021\/05\/20210430_094728-scaled-1.jpg\"><img decoding=\"async\" width=\"300\" height=\"225\" src=\"http:\/\/sattrabiloplat.se\/wp-content\/uploads\/2021\/05\/20210430_094728-scaled-1-300x225.jpg\" alt=\"\" loading=\"lazy\" aria-describedby=\"gallery-1-442\" srcset=\"http:\/\/sattrabiloplat.se\/wp-content\/uploads\/2021\/05\/20210430_094728-scaled-1-300x225.jpg 300w, http:\/\/sattrabiloplat.se\/wp-content\/uploads\/2021\/05\/20210430_094728-scaled-1-1024x768.jpg 1024w, http:\/\/sattrabiloplat.se\/wp-content\/uploads\/2021\/05\/20210430_094728-scaled-1-768x576.jpg 768w, http:\/\/sattrabiloplat.se\/wp-content\/uploads\/2021\/05\/20210430_094728-scaled-1-1536x1152.jpg 1536w, http:\/\/sattrabiloplat.se\/wp-content\/uploads\/2021\/05\/20210430_094728-scaled-1-2048x1536.jpg 2048w, http:\/\/sattrabiloplat.se\/wp-content\/uploads\/2021\/05\/20210430_094728-scaled-1-1568x1176.jpg 1568w\" sizes=\"auto, (max-width: 300px) 100vw, 300px\"><\/a><p><\/p>\n<figcaption class=\"wp-caption-text gallery-caption\" id=\"gallery-1-442\">\n\t\t\t\tV\u00e4nster F\u00f6re<br>\n\t\t\t\t<\/figcaption>\n<\/figure>\n<figure class=\"gallery-item\">\n\t\t\t\t<a data-elementor-open-lightbox=\"yes\" data-elementor-lightbox-slideshow=\"d788267\" data-elementor-lightbox-title=\"20210430_100516\" href=\"http:\/\/sattrabiloplat.se\/wp-content\/uploads\/2021\/05\/20210430_100516-scaled-1.jpg\"><img decoding=\"async\" width=\"300\" height=\"225\" src=\"http:\/\/sattrabiloplat.se\/wp-content\/uploads\/2021\/05\/20210430_100516-scaled-1-300x225.jpg\" alt=\"\" loading=\"lazy\" aria-describedby=\"gallery-1-440\" srcset=\"http:\/\/sattrabiloplat.se\/wp-content\/uploads\/2021\/05\/20210430_100516-scaled-1-300x225.jpg 300w, http:\/\/sattrabiloplat.se\/wp-content\/uploads\/2021\/05\/20210430_100516-scaled-1-1024x768.jpg 1024w, http:\/\/sattrabiloplat.se\/wp-content\/uploads\/2021\/05\/20210430_100516-scaled-1-768x576.jpg 768w, http:\/\/sattrabiloplat.se\/wp-content\/uploads\/2021\/05\/20210430_100516-scaled-1-1536x1152.jpg 1536w, http:\/\/sattrabiloplat.se\/wp-content\/uploads\/2021\/05\/20210430_100516-scaled-1-2048x1536.jpg 2048w, http:\/\/sattrabiloplat.se\/wp-content\/uploads\/2021\/05\/20210430_100516-scaled-1-1568x1176.jpg 1568w\" sizes=\"auto, (max-width: 300px) 100vw, 300px\"><\/a><p><\/p>\n<figcaption class=\"wp-caption-text gallery-caption\" id=\"gallery-1-440\">\n\t\t\t\tV\u00e4nster Efter<br>\n\t\t\t\t<\/figcaption>\n<\/figure>","protected":false},"excerpt":{"rendered":"<p>F\u00e5tt 2a f\u00f6r diffus ljusbild p\u00e5 besiktningen? L\u00e5t oss polera dina str\u00e5lkastare ist\u00e4llet f\u00f6r att k\u00f6pa nya. Pris: fr\u00e5n 1200kr<\/p>\n","protected":false},"author":1,"featured_media":0,"parent":0,"menu_order":0,"comment_status":"closed","ping_status":"closed","template":"","meta":{"footnotes":""},"class_list":["post-439","page","type-page","status-publish","hentry"],"_links":{"self":[{"href":"https:\/\/sattrabiloplat.se\/index.php?rest_route=\/wp\/v2\/pages\/439","targetHints":{"allow":["GET"]}}],"collection":[{"href":"https:\/\/sattrabiloplat.se\/index.php?rest_route=\/wp\/v2\/pages"}],"about":[{"href":"https:\/\/sattrabiloplat.se\/index.php?rest_route=\/wp\/v2\/types\/page"}],"author":[{"embeddable":true,"href":"https:\/\/sattrabiloplat.se\/index.php?rest_route=\/wp\/v2\/users\/1"}],"replies":[{"embeddable":true,"href":"https:\/\/sattrabiloplat.se\/index.php?rest_route=%2Fwp%2Fv2%2Fcomments&post=439"}],"version-history":[{"count":4,"href":"https:\/\/sattrabiloplat.se\/index.php?rest_route=\/wp\/v2\/pages\/439\/revisions"}],"predecessor-version":[{"id":549,"href":"https:\/\/sattrabiloplat.se\/index.php?rest_route=\/wp\/v2\/pages\/439\/revisions\/549"}],"wp:attachment":[{"href":"https:\/\/sattrabiloplat.se\/index.php?rest_route=%2Fwp%2Fv2%2Fmedia&parent=439"}],"curies":[{"name":"wp","href":"https:\/\/api.w.org\/{rel}","templated":true}]}}